. Let q be (-1 + t - 5) + -1. Let y = 7 + q. Calculate k(y).
-7
Let j(n) = n + 23. Let s be j(16). Suppose -7*z + 8*z = s. Let p(d) = 1 - 2*d**2 + d**2 + z*d - 44*d - 3. Give p(-3).
4
Let y(t) = t**2 + 3*t + 3. Let i be 24/(-32) - (-25)/(-20). Determine y(i).
1
Let d(g) = -3*g - 6. Let x(k) = 2*k + 4. Let f(a) = -5*d(a) - 7*x(a). Let n(w) = 3*w - 9. Let r be n(7). Let q be r/(-16)*(-2 + -2). What is f(q)?
5
Let f(w) = w**2 - 2*w**2 - w**3 - w + 2*w - 6*w**2 - 7. Let y be -3 - 27/(-12) - (-100)/(-16). Calculate f(y).
-14
Let w be (-6 - (-246)/21)*7/2. Let v(h) = -h + 20. Determine v(w).
0
Let r(p) be the second derivative of -p**5/30 - p**4/8 - p**3/6 + 5*p**2 - 13*p. Let i(n) be the first derivative of r(n). Determine i(-2).
-3
Suppose -5*h = -2*j - 3, -j + 4 - 22 = 3*h. Let w(r) = r**3 + 8*r**2 - 10*r + 3. Determine w(j).
12
Let r(k) = k**3 - 9*k**2 + 8*k + 3. Let l be r(8). Let h be (3*2)/((-4)/(-2)). Let b(u) = -4*u + 9*u**3 + 7*u**3 + l*u**2 - 17*u**h + 3. Give b(2).
-1
Let f(k) be the third derivative of 1/120*k**6 + 0*k + 0 + k**2 + 1/15*k**5 + 1/6*k**3 + 0*k**4. What is f(-4)?
1
Let u(s) = -2*s + 19. Let d be u(9). Let a(v) = 0 - 6*v - 5 + d. What is a(-3)?
14
Let j(t) = t**3 - 5*t**2 - 4*t - 7. Let w be 3 + (0/(-1))/(-1). Let r be w/1 + (-3 - -4). Suppose 0 = -3*m - 22 + 7, -4*f - 4*m + r = 0. What is j(f)?
5
Let t(v) = v**3 - 9*v**2 + 5*v + 12. Let u = 2659 + -2651. What is t(u)?
-12
Let d be 8/(-24) + 14/6. Let t(c) = 5*c - 3*c**2 - 2*c**d + 12 - 17 - c**3. Determine t(-6).
1
Let x(a) = -a + 1. Let g(z) = 4*z - 19. Let s = -10 + 16. Let b be g(s). Give x(b).
-4
Suppose 236*n = 255*n + 76. Let u(g) = -g**3 - 4*g**2 - g - 8. Determine u(n).
-4
Suppose 5*b - 5*x = -0*b + 25, -3*b - 3*x + 9 = 0. Let i be ((-5)/5 - b)*(-9)/15. Let q(n) = n**2 - 2*n + 2. Calculate q(i).
5
Let j(s) = -18 - 6*s + 4*s + 14. What is j(-3)?
2
Let u(q) = 32*q - 45. Let d(n) = -26*n + 46. Let c(s) = -5*d(s) - 4*u(s). What is c(22)?
-6
Let j(q) be the first derivative of 13*q**4/4 - q - 11. Suppose 3*k - 3 = 0, 5*k = -3*o - 0*o + 14. Suppose -o*h + 5 - 2 = 0. Give j(h).
12
Let d(i) = -i**3 + 6*i**2 + 6*i - 9. Let v(m) = -2*m**3 + 13*m**2 + 13*m - 20. Let h(z) = 7*d(z) - 3*v(z). Determine h(4).
-7
Let f(n) = 2*n - 11. Let x be f(8). Suppose -7*i + 4 = -x*i. Let a(r) = -i*r + 0*r + 11 + 3*r - 3. Determine a(-4).
4
Suppose 6 = 2*g, 2*d - 14 = -5*g + 7. Let u(p) = 9*p - 24. What is u(d)?
3
Let v(k) be the third derivative of -k**5/15 + 5*k**4/24 - 2*k**3/3 + 354*k**2. Determine v(2).
-10
Suppose -5*t - 76 = -21. Let n = 15 + t. Let b(f) = -3 + f + f**2 + n*f + 0*f**2. Calculate b(-6).
3
Suppose -2*p + 0 + 2 = 0. Let n be (3/(-9))/(p/3). Let h(y) = y**2 + y - 1. Let m(s) = s**3 + 7*s**2 + 7*s - 4. Let v(c) = n*m(c) + 2*h(c). Calculate v(-4).
6
Let h(d) = 19*d - 11. Let q(t) = 7*t - 4. Let b(r) = 6*h(r) - 17*q(r). Let g = 2 - -1. What is b(g)?
-13
Let c(k) be the first derivative of k**4/4 + 4*k**3/3 - 7*k**2/2 - 5*k - 691. Let b be (-32)/6 - 2/(-6). Calculate c(b).
5
Suppose 4*v = -3*g - 0*v - 21, 3*g = 3*v. Let x(q) = 5*q + 9. Let t be x(g). Let l(u) = -u**3 - 6*u**2 - 4*u - 9. What is l(t)?
15
Let g(l) = -l**2 + l + 2. Let z be 360/(-44) - 2/(-11). Let h = 6 + z. Calculate g(h).
-4
Let c(z) be the third derivative of -z**6/120 + z**5/10 - z**4/3 + 4*z**3/3 + 162*z**2. What is c(5)?
-7
Let m(q) = -q**3 - 6*q**2 - 4*q + 2. Suppose -3*o - 4*s = 3, 5*s + 2 = 2*o - 19. Suppose 0 = -a + k, -3*a = -2*k + 7 - o. Give m(a).
-14
Let j(l) = -2*l**3 + 7*l**2 + 2*l + 3. Let n be j(4). Let y(k) = k + 2. Determine y(n).
-3
Let y(s) be the first derivative of s**3/2 - 2*s**2 - 17*s - 15. Let x(f) be the first derivative of y(f). Give x(5).
11
Let m(a) = -a**2 - 2*a**2 + 5*a**3 + 2*a**2 + a + 1. Let d(c) = -c**2 - 10*c - 10. Let w be d(-8). Suppose 2*s = w*s + 4. Determine m(s).
-6
Let b be 2/6 - 14/(-3). Let p(m) be the first derivative of m**2 - 6*m - 6. Determine p(b).
4
Let u(p) = -19 + 7 + 171*p**2 - 165*p**2 + 6 + 2*p + 4. Calculate u(1).
6
Let x(j) = j**2 - 2*j + 4. Let h be 17/17 + -1 + 5. Let d be (h + 1 + 2)/(1 + 1). Determine x(d).
12
Let g(q) be the second derivative of q**3/6 + 5*q**2/2 + 11*q. Let l be g(-1). Let d(r) = r. Let t(s) = -2*s - 4. Let y(f) = 3*d(f) + t(f). Give y(l).
0
Let t(n) = -n - 16. Let s be t(-12). Let c(j) = -4 - 4*j - j**2 - 1 + 3. Give c(s).
-2
Let w(k) = 2*k**2 - 8*k - 6. Let v = 6 - 9. Let p(y) be the first derivative of -y**3 + 9*y**2/2 + 7*y + 1. Let m(i) = v*p(i) - 4*w(i). Give m(-5).
3
Let t(c) = -2*c + 13. Let o = -2108 + 2115. Give t(o).
-1
Let j(h) = h**3 - 5*h**2 - 7*h + 8. Suppose -42 = u - 48. What is j(u)?
2
Let s(n) = -254*n**2 + 511*n**2 - n**3 - n - 249*n**2 + 2. Calculate s(8).
-6
Let u be ((-2)/(-5))/((-8)/40). Let b be 10 + (u + 4)*-2*1. Let x(f) = f**3 - 7*f**2 + 6*f - 9. Calculate x(b).
-9
Let u(a) = 4*a + 11. Let m(b) = -2*b**2 + 39*b - 25. Let s be m(19). What is u(s)?
-13
Suppose 4*m = -3*b + 9, m - b + 2*b = 1. Suppose 3*w = u + 3, -2*u - 11 = -m*w + w. Let i = u - -22. Let r(j) = j**2 - 4*j. Determine r(i).
0
Let z = 6 + -8. Let x(h) = h - 1. Let o = -27 - -36. Let k(l) = 5*l - 3. Let j(c) = o*x(c) + z*k(c). Give j(6).
-9
Let p(o) = 4*o - 12. Let h(j) = 3*j - 9. Let w(z) = -3*h(z) + 2*p(z). Determine w(0).
3
Let f(z) be the second derivative of -2*z**3/3 + z**2 - 17*z + 1. Determine f(-2).
10
Let a(n) be the second derivative of 2*n**2 - 1/24*n**4 - 1/6*n**3 + 2*n + 1/60*n**5 + 0 + 1/120*n**6. Let i(q) be the first derivative of a(q). Give i(-2).
-3
Let y(n) = -11*n - 154. Let q be y(-15). Let o(l) = l**3 - 11*l**2 - 2*l + 10. What is o(q)?
-12
Suppose 4*d + y - 3*y + 30 = 0, 0 = -4*d - 2*y - 18. Let o(q) = -5*q**2. Let i(h) = h**2 - h + 1. Let s(n) = -4*i(n) - o(n). What is s(d)?
8
Let a(h) be the third derivative of -h**4/6 - h**3/3 + 2*h**2. Let g = -4 - -1. What is a(g)?
10
Let n(f) = -2*f + 16. Let t(s) = -s - 1. Let k(w) = -n(w) - t(w). Determine k(9).
12
Let d(g) = -10 + 10*g + 5*g**2 - 4*g**2 - 7. Determine d(-12).
7
Suppose r + 3*r - 12 = 0. Suppose -201 = -3*m + r*a, 0 = 4*m - 2*a + 4*a - 286. Let p be (-28)/m + 24/10. Let o(k) = k**3 - 3*k**2 + 2*k - 2. Give o(p).
-2
Let o(l) be the second derivative of l**5/20 - l**3/6 - l**2 - 2*l + 20. Let f = 1 - -1. Determine o(f).
4
Suppose 4*a + 2*d = 20, 1 + 17 = 4*a + d. Let r(f) = f**3 - 3*f**2 + 4*f + 1. What is r(a)?
33
Let f(o) = -9*o**3 + 19*o**2 - 11*o - 23. Let x(a) = 8*a**3 - 18*a**2 + 8*a + 21. Let j(l) = 7*f(l) + 8*x(l). Give j(12).
-5
Let n(y) = -y**2 - 3*y + 4. Let f be n(5). Let z = f - -63. Let w be 4/(-10) + z/5. Let m(d) = d**2 - 7*d + 6. Determine m(w).
-4
Let d(b) = b**3 - 11*b**2 + 14*b - 15. Let o(f) = -f**3 + 12*f**2 - 14*f + 15. Let l(q) = 2*d(q) + 3*o(q). Let k be l(13). Let m(z) = 3*z. Calculate m(k).
6
Let b = 7 + -4. Suppose 7*k = -b + 24. Let w(j) = -5*j**2 - 18*j - 4. Let z(n) = -2*n**2 - 6*n - 1. Let a(f) = 3*w(f) - 8*z(f). Calculate a(k).
-13
Let t be (-4)/14 - 150/(-35). Suppose -t*b + 130 = b. Let a = -21 + b. Let d(o) = o**2 - 3*o - 3. Give d(a).
7
Let r(u) be the third derivative of u**6/30 + u**5/60 - 3*u**2. Let h = 6 - 7. What is r(h)?
-3
Let j = -1534 - -1536. Let r(g) = 6*g - 12. Calculate r(j).
0
Let f(o) = -o**3 + o - 1. Suppose -m + 2 = m. Let t(n) = -4*n - 2*n**3 - 2 - m + 0*n**3 + 7*n. Let w(p) = 3*f(p) - t(p). Calculate w(-1).
1
Let p(g) = 17*g**3 - g**2 + g + 1. Let n be 303/33 - (-6)/(-33). Let i = -10 + n. What is p(i)?
-18
Let c(a) be the third derivative of -a**5/60 - 5*a**4/8 - a**3/2 + 23*a**2 - 2. Give c(-15).
-3
Let q = -7 + 15. Suppose v = 4*n - 3*v + q, -5*n + 11 = 2*v. Let y(l) = -1 - 4*l - n + 3*l. Calculate y(-2).
0
Suppose 5*g + 191 - 66 = 0. Let a = g + 27. Let v(l) = -3*l**2 + 4*l**a + l - 6*l**2 + 0*l. Give v(1).
-4
Let o(x) = -x**3 + 9*x**2 - x + 8. Let c be o(9). Let l(g) be the first derivative of g**3 - g**2 - g + 196. What is l(c)?
4
Let q(i) = i + 1. Let x(b) = 4*b + 5. Let f(l) = -5*q(l) + x(l). Suppose -25 = 3*k - 2*k. Let s = k - -19. What is f(s)?
6
Let c(o) = 2*o - 2. Suppose 8 = -4*w + 6*w. Let b = w - -10. Suppose -b = -4*a - v, 0*a - a = -3*v - 10. Calculate c(a).
6
Suppose -15 = 16*c + 1. Let y(p) = -3*p**2. Determine y(c).
-3
Let l(t) = t**3 - 7*t**2 - t + 13. Let c(q) = -2*q**3 + 14*q*